{"id":154,"date":"2016-07-01T14:43:45","date_gmt":"2016-07-01T12:43:45","guid":{"rendered":"http:\/\/www.brunofoglia.it\/?page_id=154"},"modified":"2017-05-20T18:21:17","modified_gmt":"2017-05-20T16:21:17","slug":"novita-e-aggiornamenti","status":"publish","type":"page","link":"https:\/\/www.brunofoglia.it\/index.php\/novita-e-aggiornamenti\/","title":{"rendered":"Novit\u00e0 e Aggiornamenti"},"content":{"rendered":"<p style=\"text-align: justify;\">Dopo il terremoto del 24 agosto il <strong>Museo di Preta<\/strong> \u00e8 stato chiuso, e le opere l\u00ec custodite sono state rimosse. Poi sono seguite altre scosse: la struttura del Museo ha retto, ma \u00e8 stata sempre pi\u00f9 danneggiata.\u00a0Ora l&#8217;impegno di <strong>Bruno<\/strong>, che oltre ad essere un artista \u00e8 anche il <strong>Presidente dell&#8217;Associazione &#8220;Preta Vive&#8221;<\/strong> che gestiva la struttura, \u00e8 tutto rivolto all&#8217;opera di raccolta fondi per <em>poter al pi\u00f9 presto mettere in sicurezza e poi ristrutturare l&#8217;ex Scuola di Preta.<\/em><\/p>\n<p style=\"text-align: justify;\">Da mesi ormai gira l&#8217;Italia con i suoi quadri, e con i dipinti che erano custoditi nel Museo, per<strong> sensibilizzare l&#8217;opinione pubblica<\/strong>: la bellezza non pu\u00f2 morire e solo la <strong>generosit\u00e0<\/strong> degli amici pu\u00f2 aiutare concretamente la ripresa delle aree colpite dal terremoto.<\/p>\n<p style=\"text-align: justify;\">E <strong>in tanti hanno risposto a questo appello: grazie a tutti coloro che stanno contribuendo<\/strong> in queste ore a far si che la speranza non muoia, e che un giorno il Museo di Preta possa tornare a spalancare le sue porte al pubblico.<\/p>\n<p style=\"text-align: justify;\"><img loading=\"lazy\" decoding=\"async\" class=\"aligncenter size-large wp-image-355\" src=\"http:\/\/www.brunofoglia.it\/wp-content\/uploads\/2016\/07\/12-1024x576.png\" alt=\"12\" width=\"880\" height=\"495\" srcset=\"https:\/\/www.brunofoglia.it\/wp-content\/uploads\/2016\/07\/12-1024x576.png 1024w, https:\/\/www.brunofoglia.it\/wp-content\/uploads\/2016\/07\/12-300x169.png 300w, https:\/\/www.brunofoglia.it\/wp-content\/uploads\/2016\/07\/12-768x432.png 768w, https:\/\/www.brunofoglia.it\/wp-content\/uploads\/2016\/07\/12.png 1328w\" sizes=\"auto, (max-width: 880px) 100vw, 880px\" \/> <img loading=\"lazy\" decoding=\"async\" class=\"aligncenter size-large wp-image-356\" src=\"http:\/\/www.brunofoglia.it\/wp-content\/uploads\/2016\/07\/18486289_1749355145091532_1532920794536307410_n.jpg\" alt=\"18486289_1749355145091532_1532920794536307410_n\" width=\"880\" height=\"660\" srcset=\"https:\/\/www.brunofoglia.it\/wp-content\/uploads\/2016\/07\/18486289_1749355145091532_1532920794536307410_n.jpg 960w, https:\/\/www.brunofoglia.it\/wp-content\/uploads\/2016\/07\/18486289_1749355145091532_1532920794536307410_n-300x225.jpg 300w, https:\/\/www.brunofoglia.it\/wp-content\/uploads\/2016\/07\/18486289_1749355145091532_1532920794536307410_n-768x576.jpg 768w\" sizes=\"auto, (max-width: 880px) 100vw, 880px\" \/><\/p>\n<p><img loading=\"lazy\" decoding=\"async\" class=\"aligncenter size-full wp-image-361\" src=\"http:\/\/www.brunofoglia.it\/wp-content\/uploads\/2016\/07\/17-1.png\" alt=\"17\" width=\"390\" height=\"233\" srcset=\"https:\/\/www.brunofoglia.it\/wp-content\/uploads\/2016\/07\/17-1.png 390w, https:\/\/www.brunofoglia.it\/wp-content\/uploads\/2016\/07\/17-1-300x179.png 300w\" sizes=\"auto, (max-width: 390px) 100vw, 390px\" \/><\/p>\n<p><img loading=\"lazy\" decoding=\"async\" class=\"size-large wp-image-173\" src=\"http:\/\/www.brunofoglia.it\/wp-content\/uploads\/2016\/07\/gruppo1-1024x768.jpg\" alt=\"foto di gruppo\" width=\"880\" height=\"660\" srcset=\"https:\/\/www.brunofoglia.it\/wp-content\/uploads\/2016\/07\/gruppo1.jpg 1024w, https:\/\/www.brunofoglia.it\/wp-content\/uploads\/2016\/07\/gruppo1-300x225.jpg 300w, https:\/\/www.brunofoglia.it\/wp-content\/uploads\/2016\/07\/gruppo1-768x576.jpg 768w\" sizes=\"auto, (max-width: 880px) 100vw, 880px\" \/><\/p>\n","protected":false},"excerpt":{"rendered":"<p>Dopo il terremoto del 24 agosto il Museo di Preta \u00e8 stato chiuso, e le opere l\u00ec custodite sono state rimosse. Poi sono seguite altre scosse: la struttura del Museo ha retto, ma \u00e8 stata sempre pi\u00f9 danneggiata.\u00a0Ora l&#8217;impegno di Bruno, che oltre ad essere un artista \u00e8 anche il Presidente dell&#8217;Associazione &#8220;Preta Vive&#8221; che [&hellip;]<\/p>\n","protected":false},"author":1,"featured_media":0,"parent":0,"menu_order":0,"comment_status":"closed","ping_status":"closed","template":"","meta":{"pgc_sgb_lightbox_settings":"","footnotes":""},"class_list":["post-154","page","type-page","status-publish","hentry"],"_links":{"self":[{"href":"https:\/\/www.brunofoglia.it\/index.php\/wp-json\/wp\/v2\/pages\/154","targetHints":{"allow":["GET"]}}],"collection":[{"href":"https:\/\/www.brunofoglia.it\/index.php\/wp-json\/wp\/v2\/pages"}],"about":[{"href":"https:\/\/www.brunofoglia.it\/index.php\/wp-json\/wp\/v2\/types\/page"}],"author":[{"embeddable":true,"href":"https:\/\/www.brunofoglia.it\/index.php\/wp-json\/wp\/v2\/users\/1"}],"replies":[{"embeddable":true,"href":"https:\/\/www.brunofoglia.it\/index.php\/wp-json\/wp\/v2\/comments?post=154"}],"version-history":[{"count":14,"href":"https:\/\/www.brunofoglia.it\/index.php\/wp-json\/wp\/v2\/pages\/154\/revisions"}],"predecessor-version":[{"id":362,"href":"https:\/\/www.brunofoglia.it\/index.php\/wp-json\/wp\/v2\/pages\/154\/revisions\/362"}],"wp:attachment":[{"href":"https:\/\/www.brunofoglia.it\/index.php\/wp-json\/wp\/v2\/media?parent=154"}],"curies":[{"name":"wp","href":"https:\/\/api.w.org\/{rel}","templated":true}]}}

Novità e Aggiornamenti

<p style="text-align: justify;">Dopo il terremoto del 24 agosto il <strong>Museo di Preta</strong> è stato chiuso, e le opere lì custodite sono state rimosse. Poi sono seguite altre scosse: la struttura del Museo ha retto, ma è stata sempre più danneggiata. Ora l&#8217;impegno di <strong>Bruno</strong>, che oltre ad essere un artista è anche il <strong>Presidente dell&#8217;Associazione &#8220;Preta Vive&#8221;</strong> che gestiva la struttura, è tutto rivolto all&#8217;opera di raccolta fondi per <em>poter al più presto mettere in sicurezza e poi ristrutturare l&#8217;ex Scuola di Preta.</em></p>
<p style="text-align: justify;">Da mesi ormai gira l&#8217;Italia con i suoi quadri, e con i dipinti che erano custoditi nel Museo, per<strong> sensibilizzare l&#8217;opinione pubblica</strong>: la bellezza non può morire e solo la <strong>generosità</strong> degli amici può aiutare concretamente la ripresa delle aree colpite dal terremoto.</p>
<p style="text-align: justify;">E <strong>in tanti hanno risposto a questo appello: grazie a tutti coloro che stanno contribuendo</strong> in queste ore a far si che la speranza non muoia, e che un giorno il Museo di Preta possa tornare a spalancare le sue porte al pubblico.</p>
<p style="text-align: justify;"><img loading="lazy" decoding="async" class="aligncenter size-large wp-image-355" src="http://www.brunofoglia.it/wp-content/uploads/2016/07/12-1024x576.png" alt="12" width="880" height="495" srcset="https://www.brunofoglia.it/wp-content/uploads/2016/07/12-1024x576.png 1024w, https://www.brunofoglia.it/wp-content/uploads/2016/07/12-300x169.png 300w, https://www.brunofoglia.it/wp-content/uploads/2016/07/12-768x432.png 768w, https://www.brunofoglia.it/wp-content/uploads/2016/07/12.png 1328w" sizes="auto, (max-width: 880px) 100vw, 880px" /> <img loading="lazy" decoding="async" class="aligncenter size-large wp-image-356" src="http://www.brunofoglia.it/wp-content/uploads/2016/07/18486289_1749355145091532_1532920794536307410_n.jpg" alt="18486289_1749355145091532_1532920794536307410_n" width="880" height="660" srcset="https://www.brunofoglia.it/wp-content/uploads/2016/07/18486289_1749355145091532_1532920794536307410_n.jpg 960w, https://www.brunofoglia.it/wp-content/uploads/2016/07/18486289_1749355145091532_1532920794536307410_n-300x225.jpg 300w, https://www.brunofoglia.it/wp-content/uploads/2016/07/18486289_1749355145091532_1532920794536307410_n-768x576.jpg 768w" sizes="auto, (max-width: 880px) 100vw, 880px" /></p>
<p><img loading="lazy" decoding="async" class="aligncenter size-full wp-image-361" src="http://www.brunofoglia.it/wp-content/uploads/2016/07/17-1.png" alt="17" width="390" height="233" srcset="https://www.brunofoglia.it/wp-content/uploads/2016/07/17-1.png 390w, https://www.brunofoglia.it/wp-content/uploads/2016/07/17-1-300x179.png 300w" sizes="auto, (max-width: 390px) 100vw, 390px" /></p>
<p><img loading="lazy" decoding="async" class="size-large wp-image-173" src="http://www.brunofoglia.it/wp-content/uploads/2016/07/gruppo1-1024x768.jpg" alt="foto di gruppo" width="880" height="660" srcset="https://www.brunofoglia.it/wp-content/uploads/2016/07/gruppo1.jpg 1024w, https://www.brunofoglia.it/wp-content/uploads/2016/07/gruppo1-300x225.jpg 300w, https://www.brunofoglia.it/wp-content/uploads/2016/07/gruppo1-768x576.jpg 768w" sizes="auto, (max-width: 880px) 100vw, 880px" /></p>

<p>Dopo il terremoto del 24 agosto il Museo di Preta è stato chiuso, e le opere lì custodite sono state rimosse. Poi sono seguite altre scosse: la struttura del Museo ha retto, ma è stata sempre più danneggiata. Ora l&#8217;impegno di Bruno, che oltre ad essere un artista è anche il Presidente dell&#8217;Associazione &#8220;Preta Vive&#8221; che [&hellip;]</p>
